t is the greatest common factor of 26164 and k?
124
Suppose 8*k - 2706 = -3*k. Let v = -239 + k. What is the highest common divisor of v and 35?
7
Suppose 1192 = 6*w - 518. Suppose 5*o - 2*g = -5 + w, -o + 5*g = -33. Calculate the greatest common factor of o and 522.
58
Let f(h) = -h**3 + 12*h**2 + 17*h + 18. Let q be f(10). Let o(z) = 2*z**2 - 26*z + 4. Let a be o(13). Calculate the greatest common factor of q and a.
4
Let t be (4/34 - (-4900)/833) + 35 + 3. Calculate the greatest common divisor of t and 660.
44
Suppose 3*c = -4*i - 30 - 854, 5*c + 1477 = -3*i. Let p be c/(-16) + (-2)/4. What is the greatest common divisor of 27 and p?
9
Let k(t) = t**3 + 22*t**2 + 20*t + 82. Let j be k(-16). Calculate the greatest common divisor of 295 and j.
59
Suppose -41*r + 4*t = -42*r + 165, -5*r = 4*t - 921. Calculate the greatest common divisor of r and 3276.
63
Let t be -2 - 3894/(-5) - 51/(-255). Suppose 0 = -4*m + 3*m - 1, j - 19 = -2*m. Calculate the highest common factor of j and t.
21
Let h(j) = 4*j**2 - 30*j + 30. Let s be h(17). What is the highest common factor of 16 and s?
4
Let y(s) = -s**3 - 56*s**2 - 544*s + 5. Let d be y(-10). What is the highest common divisor of d and 26?
13
Suppose -3*s + 9 = 3*t - 3, -2*s = 3*t - 3. Let b be 36/((-196)/168*s/(-224)). What is the highest common factor of b and 48?
48
Suppose 15*t + 98 = 29*t. Suppose -45 = -t*c + 46. Calculate the greatest common factor of c and 130.
13
Let a(o) = -65*o + 138. Let p be a(-2). Calculate the highest common factor of p and 12.
4
Let h(o) = -o**3 + 11*o**2 + 56*o + 9. Let b be h(-4). Calculate the greatest common divisor of 13150 and b.
25
Let k(a) = 31*a + 8. Let b be k(3). Suppose 21*r = 172 + b. Calculate the greatest common factor of 65 and r.
13
Suppose b - 3*s = 1451, 3*s - 19 - 5 = 0. Calculate the highest common divisor of b and 125.
25
Suppose 7*b - 200 = -4*g + 2*b, 4*b = 16. Suppose -g*p - 241 = -50*p - 2*r, -237 = -5*p - 4*r. Calculate the highest common factor of 1 and p.
1
Suppose -2*l = -5*p + 79 + 59, 2*p - 57 = -l. Let c be 2*(-2 - (3 + -7)). What is the highest common divisor of c and p?
4
Let d = 1159 - 1111. Calculate the greatest common factor of d and 10992.
48
Let d(h) = -4*h - 8. Let f be d(-9). Let a be ((-478)/(-8) + 1)/(48/128). Let i be (-1)/(-7) - a/(-42). Calculate the highest common factor of i and f.
4
Let m be (-2)/(-4) + 406/28. Let j = -10531 - -10558. What is the greatest common factor of j and m?
3
Let n be (-21 + 4 + -1)*(-19)/((-342)/(-420)). Let k be (4 + -2 + 0)*10. What is the greatest common factor of k and n?
20
Suppose -5*u = -2*y + 143, -5*y - 7*u + 439 = 62. Let d(x) = -11*x + 20. Let v be d(-15). Suppose 0*l = -5*l + v. What is the highest common factor of y and l?
37
Suppose 0 = -47*g + 18883 + 2690. What is the greatest common divisor of g and 63?
9
Suppose -5*d - 109 = -0*o - 2*o, -2*d = -3*o + 48. Let q = d + 197. What is the greatest common divisor of 11 and q?
11
Suppose -15*y = -34*y - 13*y + 53760. What is the highest common factor of 525 and y?
105
Suppose -142 = -4*k - 2*s, -9*s + 85 = 2*k - 6*s. What is the greatest common factor of k and 404?
4
Suppose -8*o - 132 - 60 = 0. Let y be ((-8)/(-12) + (-3 - -2))*o. What is the highest common factor of 128 and y?
8
Suppose 5*o - 263 = -278, -3*o - 18 = -3*g. Let p be 3*34/3 + -1. Calculate the greatest common factor of g and p.
3
Let w be 28905/10*(-38)/(-57). What is the greatest common factor of w and 47?
47
Let g be -1*27*10/(-3). Suppose 6*m + 40*m = -2*m + 1728. What is the highest common factor of m and g?
18
Let x = -25938 + 26353. What is the greatest common divisor of 1411 and x?
83
Let t(u) = 8*u**2 - 2*u - 3. Let m be t(3). Let f be 207 - (1 + (-18)/2). Suppose 0 = 4*s - f + m. What is the highest common divisor of s and 95?
19
Let p be (-7)/(-35) + 1048/10. Calculate the highest common divisor of 371 and p.
7
Suppose -7*l - 18 = -9*l. Suppose 3*r = -l, -6*w + 4*r + 32 = -2*w. Let q be (-14)/(-21) - 73/(-3). Calculate the greatest common factor of w and q.
5
Suppose -q - 126000 = -91*q. Calculate the highest common divisor of 210 and q.
70
Let g = -40 - -60. Suppose 0 = 4*x - 4*w - 40, -5*x = -x + 4*w - 8. Let r be ((-10)/(-6))/(x/360). Calculate the greatest common factor of g and r.
20
Let g = 5913 + -5790. Calculate the greatest common divisor of 9102 and g.
123
Let n be -6 + 3 + 22*(-6)/4. Let k be 5/(-40)*50*n. What is the greatest common divisor of k and 25?
25
Suppose -2*t + 588 = t. Let w = t + -194. What is the highest common divisor of w and 13?
1
Let y(g) = g**3 - 9*g**2 - 11*g + 47. Suppose 7*v - 15 = 55. Let f be y(v). What is the highest common divisor of 74 and f?
37
Suppose 4*t + 2*i + 3 = 3*t, i = 4*t + 39. Let d = t - -13. Suppose 0 = -b - 3*j + 2 + 11, d*b - 28 = -4*j. What is the highest common factor of b and 3?
1
Suppose 3*v - 33 = -5*z, 2*z + 6 = 2*v - 0*z. Let a be 103/17 + -6 + 3131/527. Calculate the highest common factor of a and v.
6
Suppose -491*s + 13738 - 2983 = -8885. Suppose 2*d = -v + 44, -5*v + 0*v + 206 = 3*d. What is the highest common factor of v and s?
40
Let m = 13082 - 12956. Let h = 34 + -20. Calculate the greatest common divisor of h and m.
14
Let r = -170 - -370. Calculate the greatest common factor of r and 280.
40
Let c(s) = 149*s**2 - 30*s - 407. Let y be c(-7). What is the highest common divisor of y and 111?
111
Let v = 260 + -142. Suppose v = 4*r + y, -r - 2*y + 8 + 25 = 0. Let b be (-6)/(-924)*13384 - 2*(-1)/22. What is the greatest common factor of r and b?
29
Suppose 704 = 2*m + 2*b, -4*m + 297*b + 1406 = 300*b. What is the greatest common factor of 12950 and m?
350
Suppose 2*m - 3*n - 575 - 87 = 0, 3*m + 4*n = 959. Let o(x) = x**2 + 3180*x + 94526. Let t be o(-30). What is the highest common divisor of m and t?
13
Suppose -r = -7 + 11. Let a be ((r - -3) + 10)*-9. Let h = -70 - a. What is the highest common factor of 22 and h?
11
Let a = -885 + 1340. Suppose -3*c + 3*g = -a - 88, 875 = 5*c + g. What is the highest common divisor of c and 22?
22
Let z be ((-2)/(-6))/((2/15)/2). Let o = 7 + z. Let h be 24/1*4/2. Calculate the greatest common factor of h and o.
12
Let j = -785 - -1145. Let g(s) = s**3 - 6*s**2 + 2*s - 9. Let y be g(6). Suppose -9*p + j = -y*p. Calculate the highest common divisor of p and 20.
20
Let p(y) = -17*y + 14. Let c be p(2). Let k = c - -44. What is the highest common divisor of 12 and k?
12
Suppose 4*w - q + 41 = 0, q + q = 5*w + 52. Let l be 800/125*w/8*-6. Let s = -47 + l. What is the greatest common factor of s and 5?
1
Suppose -5*g = 665 - 855. Calculate the highest common divisor of g and 1406.
38
Suppose -42 = -3*v + 1557. Suppose -w = r - v, -2665 = -5*w - 25*r + 21*r. Calculate the greatest common factor of 82 and w.
41
Suppose 5*r + 6776 = 2*i + 847, r - 11781 = -4*i. What is the highest common divisor of 7 and i?
7
Let k(l) = -l**3 + 23*l**2 - 40*l - 12. Let d be k(21). Let b = 4 + 16. Calculate the greatest common factor of b and d.
10
Let w be 21/(-189) - (-3980)/18. Let g(k) = k**3 + 2*k**2 + 2*k + 17. Let x be g(0). What is the highest common factor of w and x?
17
Let q = -22 - 39. Let n = 66 + q. Suppose n*v - 15 = 0, -2*d - v = -4*d + 105. Calculate the highest common factor of 378 and d.
54
Let s(j) = -16*j + 295. Let f(u) = 8*u - 147. Let l(a) = -13*f(a) - 6*s(a). Let b be l(17). Calculate the greatest common divisor of b and 31.
1
Let q(a) be the third derivative of a**5/10 + 5*a**4/24 - 11*a**3/6 + 12*a**2. Let d be q(3). Let w = -42 + d. Calculate the highest common divisor of w and 16.
16
Let h(n) be the first derivative of -9*n + 8*n**2 - 2/3*n**3 + 14. Let c be h(6). Calculate the greatest common factor of 105 and c.
15
Suppose -11*p - 64 = -13*p. Suppose -y + 4*i + 678 = 0, 3*i = -3*y + 7*i + 2010. Let s = y + -474. What is the greatest common divisor of s and p?
32
Let q(m) = 14 + 19 + 4*m - 3*m + 3. Let j be q(-24). Suppose 0*a + 264 = 2*a. What is the greatest common factor of a and j?
12
Let a(j) be the second derivative of -2*j**3/3 + 104*j**2 + 184*j. Let v be a(46). What is the greatest common factor of v and 552?
24
Let z = -23733 - -27830. Calculate the greatest common divisor of 2169 and z.
241
Let p be 180/48 + -4 - 1066/(-8). Suppose -39 = -3